l - 420, -2*l - a + 180 = -0*a. Let g = 42 + -13. Let x = -5 + g. Calculate the highest common factor of x and l.
24
Let x = 9875 - 9152. Calculate the greatest common divisor of x and 6989.
241
Let b(s) = -s**3 - 5*s**2 - 5*s + 3. Let u be b(-6). Suppose 793 = 5*x + 4*m, -x + 408 = 3*m + 256. What is the greatest common divisor of u and x?
23
Suppose 3*t - 19*i - 1809 = -22*i, -5*i = 15. Calculate the highest common factor of 30 and t.
6
Let c = -307 - -133. Let a = 219 + c. What is the highest common divisor of 60 and a?
15
Suppose 189 = 3*q - g + 12, -5*q + 299 = -3*g. Suppose q = -119*a + 120*a. Calculate the greatest common factor of a and 29.
29
Suppose 8948 = 4*h + 4*w, -5*w + 76 = 66. Calculate the highest common factor of h and 60.
15
Suppose -2*i - 6*i = -128. Let m(u) = 3*u**2 - 13*u - i + 8 - 2*u**2 - 19. Let j be m(21). What is the greatest common factor of 47 and j?
47
Suppose 6*j - 2*j = 48. Let o = 1654 - 1622. Let l be -1*j*o/(-12). What is the highest common divisor of l and 4?
4
Suppose -54*j = -2*t - 56*j + 626, -5*t = j - 1545. Calculate the highest common divisor of 88 and t.
44
Suppose 0 = -4*i - 4*j - 12, -i = -0*j - 3*j - 17. Let t be 70 + (11 - 5) - -3. Suppose -13*r - 1 + t = 0. Calculate the greatest common divisor of r and i.
2
Suppose -27*a - 592 = -31*a. Calculate the greatest common divisor of a and 4366.
74
Suppose 6*b + 6*b - 60 = 0. Suppose 3*w + 2*n = -2*n + 1262, -b*w - 2*n + 2080 = 0. Suppose -g - 8*g = -w. What is the greatest common divisor of g and 92?
46
Let q = -9291 + 9703. What is the greatest common factor of 8 and q?
4
Let s be (34 + 6)*(-24)/(-10). What is the highest common factor of 936 and s?
24
Let u be (-132827)/(-10) + 3/(-15) - 957/(-638). Calculate the greatest common divisor of u and 41.
41
Let m be 1*(2 + -1)*78. Let z = 265 + -200. Calculate the greatest common divisor of m and z.
13
Let m(d) = -592*d + 1289. Let g be m(-8). Calculate the highest common factor of g and 25.
25
Let t = -176 - -302. Let s be 6534/t + (-2)/(-14). Let m = 360 - 230. What is the highest common divisor of m and s?
26
Let n = 26 - 17. Suppose 0 = -4*w - n + 17. Suppose w*v = 3*h - 0*v - 25, 0 = -4*h + 5*v + 38. Calculate the greatest common divisor of h and 21.
7
Let n be 700/(-30)*(-31)/(155/18). What is the greatest common factor of 252 and n?
84
Let h be (-1607010)/(-411) - (4 + 0). Calculate the highest common factor of 310 and h.
62
Let a(r) = -11*r**3 - 8*r**2 - 10*r - 3. Let i be a(-1). Let n(v) = 4*v + 3. Let w be n(3). Calculate the highest common divisor of i and w.
5
Let o(a) = a**3 - 12*a**2 - 8*a - 63. Let b be o(13). Suppose -u + 5*d = 17, 0 = 17*u - 19*u + 2*d - b. Calculate the greatest common divisor of u and 2.
1
Suppose -5*m = -2*y - 454, -5*m - 4*y = -m - 380. Let z = -15 + m. Calculate the highest common factor of 33 and z.
11
Let v = 0 - 0. Let b(x) = 4*x + 54. Let i be b(v). What is the greatest common factor of 81 and i?
27
Suppose -3*g + 2822 = 2*w + 2*g, -g + 7032 = 5*w. What is the greatest common factor of w and 76?
38
Let c(b) be the third derivative of b**4/12 + 31*b**3/3 - 56*b**2. Let d be c(-15). What is the greatest common divisor of d and 32?
32
Let s(d) = -d**3 - 49*d**2 + 96*d + 107. Let k be s(-51). What is the greatest common divisor of 7 and k?
7
Let v be (-7)/(-2)*2/1. Let b be v*5/70*(-180)/(-3). What is the greatest common divisor of 25 and b?
5
Suppose 35*y = 38*y + 276. Let h = y + 104. Let a be -1 - (-40 - 3*(-8)/h). What is the greatest common factor of a and 407?
37
Suppose 4*b + t = 2*t - 17, 22 = -5*b + 2*t. Let l be b*1/4*-11. Let a be ((-160)/(-25))/(16/440). Calculate the highest common divisor of a and l.
11
Let b = 225 - 200. Let s be 2/(-6) - 1505/(-15). Calculate the greatest common divisor of s and b.
25
Let k be 18 + -2 + -3 + -1. Suppose k = 4*z + 5*c, 0*z - 4*z = c - 28. Suppose 10*s = 2*s + z. Calculate the highest common factor of s and 5.
1
Suppose 3*g + 2*s - 919 = -83, -296 = -g - 5*s. Calculate the greatest common factor of g and 2001.
69
Let t(b) = b**2 + 7*b + 2. Let q be t(-6). Let y be (-72)/2*q/8. Let g = -1678 - -1822. What is the greatest common divisor of g and y?
18
Let c = -116518 + 116884. Let b be (3/(-6))/((-3)/72). What is the greatest common factor of c and b?
6
Let a = -845 + 806. Let s(t) = -t**3 - 39*t**2 - 17*t - 104. Let n be s(a). What is the greatest common divisor of n and 26?
13
Suppose a + 3*y + 56 = 49, 20 = -5*y. Suppose -19*g + 23*g = -4, a*k - 4*g - 3224 = 0. What is the greatest common factor of k and 28?
28
Let i be 330/(((-22)/77)/(15/(-21))). Calculate the highest common factor of 22 and i.
11
Let x = -139 + 129. Let p be 1/(8/2282) + x/40. What is the highest common factor of 57 and p?
57
Suppose -4*v - 25*b + 9 = -22*b, -2*v - 4*b - 8 = 0. What is the greatest common divisor of 255 and v?
3
Let z be (4 - (-5)/5)*3. Suppose -3*n - 213 = 375. Let v = n + 301. What is the greatest common divisor of z and v?
15
Suppose 5*a = 4*z - 25, 4*z - 37 = -4*a + 5*a. Suppose 0 = -5*d - 6*m + 60 + 160, -m = -4*d + 205. What is the greatest common divisor of z and d?
10
Suppose 0 = -2*c + 2*m + 418, -3*m - 1 + 4 = 0. Let a = 109 + 17. Calculate the greatest common factor of c and a.
42
Let v be (3268/14)/(17 - ((-2109)/(-133) - -1)). Calculate the highest common divisor of v and 946.
86
Let l = -139 + -13. Let z = l - -196. Let v be (-3)/(-1)*4/3. What is the greatest common factor of z and v?
4
Let h be -12 + 14 + 175 - 7. What is the greatest common factor of h and 360?
10
Suppose 10 = -2*v, m - 99 = -4*v - 15. Suppose -3*o + 4 = -20. Let a = m + o. Calculate the highest common factor of 16 and a.
16
Let b be (64/8 - -396) + 7 - 0. What is the greatest common factor of 3 and b?
3
Suppose -55*y = -52*y - 6. Suppose 4*m + y*q - 406 = 0, -15 = 3*q - 0*q. What is the highest common divisor of 8 and m?
8
Suppose 4*u - 41 = 3*s, 4*s + 33 = 4*u - 11. Let m(c) = 36*c + 11 + 28 - 77*c + 38*c. Let v be m(-11). Calculate the highest common factor of v and u.
8
Let x = -4436 + 5448. What is the highest common divisor of 88 and x?
44
Let b(g) = -4*g + 29. Let c be b(12). Let f = c + 24. Suppose -s - 173 = -2*u, -u + f*s = -3*u + 143. What is the greatest common divisor of u and 21?
21
Let i be -16 + 8 - 3215/(-1 - (-7)/8). Calculate the greatest common divisor of i and 16.
16
Let r(x) = x**3 - 11*x**2 + 14*x - 22. Let n(m) = -41*m - 4. Let v be n(1). Let d = v - -55. Let o be r(d). Calculate the greatest common factor of 27 and o.
9
Let c(n) = -n + 17. Let f be c(-19). Suppose -27*x + f*x = 3519. What is the highest common divisor of x and 23?
23
Let s = -124 + 120. Let q be (s/8)/1*-10. Suppose 3*z + 35 = q*b + z, -28 = -4*b + 5*z. Calculate the greatest common divisor of b and 77.
7
Suppose -42*j + 340 = 26*j - 3944. Calculate the greatest common factor of 3171 and j.
21
Let y be (-3)/6*-118 - -2. Let i = -36 + y. Let k be ((-40)/(-48))/((-8)/(-1200)). Calculate the greatest common factor of k and i.
25
Let n(t) = -3*t**2 + 385*t - 122. Let q be n(101). What is the greatest common divisor of q and 1275?
255
Let k be (-4 - 0)/(-2*(-11)/(-1166)). Let f = 226 - k. Calculate the greatest common divisor of 112 and f.
14
Suppose -2270 = -12*v + 10690. Calculate the greatest common factor of 45 and v.
45
Suppose -3*x = -0*x - 4*l - 98, 5*l + 25 = 0. Let w = x - 29. Let h = w + 37. What is the highest common factor of 17 and h?
17
Let o(c) be the third derivative of -13*c**4/24 + c**3/2 - c**2. Let s be o(-4). Let x = -288 - -293. What is the highest common factor of x and s?
5
Suppose 1177*y - 1212*y + 4200 = 0. Let g be 358/8 + 5/20. Calculate the highest common factor of y and g.
15
Let y(b) = 3*b + 2. Let x(r) = r - 59. Let j(h) = -x(h) + y(h). Let k be j(-18). What is the highest common divisor of k and 325?
25
Let s be 5175 - -2 - (13 - (9 - -2)). Calculate the highest common factor of 138 and s.
69
Let p(o) = -17814*o**3 - 2*o**2 - 6*o - 2. Let n be p(-1). Calculate the highest common factor of n and 34.
34
Suppose 0 = t - 3*t - 12*t + 616. What is the highest common factor of t and 55?
11
Let y(t) = -9*t**3 - 2*t**2 + 7*t + 20. Let i be y(-2). What is the greatest common factor of 126 and i?
14
Let x = 141 - 137. Suppose 5*p - 34